{"id":13,"date":"2024-07-04T12:20:47","date_gmt":"2024-07-04T12:20:47","guid":{"rendered":"https:\/\/penamora.es\/tiamatea\/?page_id=13"},"modified":"2024-07-10T10:13:25","modified_gmt":"2024-07-10T10:13:25","slug":"la-casa","status":"publish","type":"page","link":"https:\/\/penamora.es\/tiamatea\/index.php\/la-casa\/","title":{"rendered":"LA CASA"},"content":{"rendered":"\n<div class=\"wp-block-columns is-layout-flex wp-container-core-columns-is-layout-9503679e wp-block-columns-is-layout-flex\">\n<div class=\"wp-block-column is-layout-flow wp-block-column-is-layout-flow\" style=\"flex-basis:49.56%\">\n<style>#jtg-259 .modula-item .jtg-social a, .lightbox-socials.jtg-social a{ fill: #ffffff; color: #ffffff }#jtg-259 .modula-item .jtg-social-expandable a, #jtg-259 .modula-item .jtg-social-expandable-icons a{ fill: #ffffff; color: #ffffff }#jtg-259 .modula-item .jtg-social svg, .lightbox-socials.jtg-social svg { height: 16px; width: 16px }#jtg-259 .modula-item .jtg-social-expandable svg { height: 16px; width: 16px }#jtg-259 .modula-item .jtg-social-expandable-icons svg { height: 16px; width: 16px }#jtg-259 .modula-item .jtg-social a:not(:last-child), .lightbox-socials.jtg-social a:not(:last-child) { margin-right: 10px }#jtg-259 .modula-item .jtg-social-expandable-icons { gap: 10px }#jtg-259 .modula-item .figc {color:#ffffff;}#jtg-259 .modula-item .modula-item-content { transform: scale(1); }#jtg-259 { width:100%;}#jtg-259 .modula-items .figc p.description { font-size:14px; }#jtg-259 .modula-items .figc p.description { color:#ffffff;}#jtg-259.modula-gallery .modula-item > a, #jtg-259.modula-gallery .modula-item, #jtg-259.modula-gallery .modula-item-content > a:not(.modula-no-follow) { cursor:zoom-in; } #jtg-259.modula-gallery .modula-item-content .modula-no-follow { cursor: default; } @media screen and (max-width:480px){#jtg-259 .modula-item .figc .jtg-title {  font-size: 12px; }#jtg-259 .modula-items .figc p.description { color:#ffffff;font-size:10px; }}<\/style>\n<div  id=\"jtg-259\" class=\"modula modula-gallery modula-columns\" data-config=\"{&quot;tabletHeight&quot;:800,&quot;mobileHeight&quot;:800,&quot;desktopHeight&quot;:800,&quot;enableTwitter&quot;:false,&quot;enableWhatsapp&quot;:false,&quot;enableFacebook&quot;:false,&quot;enablePinterest&quot;:false,&quot;enableLinkedin&quot;:false,&quot;enableEmail&quot;:false,&quot;randomFactor&quot;:0.5,&quot;type&quot;:&quot;grid&quot;,&quot;columns&quot;:12,&quot;gutter&quot;:10,&quot;mobileGutter&quot;:10,&quot;tabletGutter&quot;:10,&quot;desktopGutter&quot;:10,&quot;enableResponsive&quot;:&quot;0&quot;,&quot;tabletColumns&quot;:2,&quot;mobileColumns&quot;:1,&quot;lazyLoad&quot;:0,&quot;lightboxOpts&quot;:{&quot;animated&quot;:true,&quot;Thumbs&quot;:{&quot;type&quot;:&quot;modern&quot;,&quot;showOnStart&quot;:false},&quot;Toolbar&quot;:{&quot;display&quot;:{&quot;right&quot;:[&quot;close&quot;]},&quot;enabled&quot;:true},&quot;Carousel&quot;:{&quot;Panzoom&quot;:{&quot;touch&quot;:false},&quot;infinite&quot;:false},&quot;keyboard&quot;:{&quot;Escape&quot;:&quot;close&quot;,&quot;Delete&quot;:&quot;close&quot;,&quot;Backspace&quot;:&quot;close&quot;,&quot;PageUp&quot;:false,&quot;PageDown&quot;:false,&quot;ArrowUp&quot;:false,&quot;ArrowDown&quot;:false,&quot;ArrowRight&quot;:false,&quot;ArrowLeft&quot;:false},&quot;touch&quot;:false,&quot;backdropClick&quot;:false,&quot;l10n&quot;:{&quot;CLOSE&quot;:&quot;Cerrar&quot;,&quot;NEXT&quot;:&quot;Siguiente&quot;,&quot;PREV&quot;:&quot;Anterior&quot;,&quot;Error&quot;:&quot;No se ha podido cargar el contenido solicitado. Por favor, int\\u00e9ntalo de nuevo m\\u00e1s tarde.&quot;,&quot;PLAY_START&quot;:&quot;Empezar la presentaci\\u00f3n&quot;,&quot;PLAY_STOP&quot;:&quot;Pausar la presentaci\\u00f3n&quot;,&quot;FULL_SCREEN&quot;:&quot;Pantalla completa&quot;,&quot;THUMBS&quot;:&quot;Miniaturas&quot;,&quot;DOWNLOAD&quot;:&quot;Descargar&quot;,&quot;SHARE&quot;:&quot;Compartir&quot;,&quot;ZOOM&quot;:&quot;Zoom&quot;,&quot;EMAIL&quot;:&quot;Here is the link to the image : %%image_link%% and this is the link to the gallery : %%gallery_link%%&quot;,&quot;MODAL&quot;:&quot;Puedes cerrar este contenido emergente con la tecla ESC&quot;,&quot;ERROR&quot;:&quot;Algo ha ido mal, pro favor, prueba de nuevo m\\u00e1s tarde&quot;,&quot;IMAGE_ERROR&quot;:&quot;Imagen no encontrada&quot;,&quot;ELEMENT_NOT_FOUND&quot;:&quot;No se ha encontrado el elemento HTML&quot;,&quot;AJAX_NOT_FOUND&quot;:&quot;Error al cargar AJAX: No encontrado&quot;,&quot;AJAX_FORBIDDEN&quot;:&quot;Error al cargar AJAX: Prohibido&quot;,&quot;IFRAME_ERROR&quot;:&quot;Error al cargar la p\\u00e1gina&quot;,&quot;TOGGLE_ZOOM&quot;:&quot;Alternar nivel de ampliar\\\/acercar&quot;,&quot;TOGGLE_THUMBS&quot;:&quot;Alternar miniaturas&quot;,&quot;TOGGLE_SLIDESHOW&quot;:&quot;Alternar diapositiva&quot;,&quot;TOGGLE_FULLSCREEN&quot;:&quot;Cambiar al modo de pantalla completa&quot;},&quot;Images&quot;:{&quot;Panzoom&quot;:{&quot;maxScale&quot;:2}},&quot;mainClass&quot;:&quot;modula-fancybox-container modula-lightbox-jtg-259&quot;,&quot;Html&quot;:{&quot;videoAutoplay&quot;:0,&quot;videoTpl&quot;:&quot;&lt;video class=\\&quot;fancybox__html5video\\&quot; controls muted playsinline controlsList controlsList=\\&quot;nodownload\\&quot; poster=\\&quot;{{poster}}\\&quot; src=\\&quot;{{src}}\\&quot; type=\\&quot;{{format}}\\&quot; &gt;  Sorry, your browser doesn&#039;t support embedded videos, &lt;a href=\\&quot;{{src}}\\&quot;&gt; download &lt;\\\/a&gt; and watch with your favorite video player! &lt;\\\/video&gt;&quot;}},&quot;inView&quot;:false,&quot;email_subject&quot;:&quot;Check out this awesome image !!&quot;,&quot;email_message&quot;:&quot;Here is the link to the image : %%image_link%% and this is the link to the gallery : %%gallery_link%%&quot;,&quot;grid_type&quot;:&quot;automatic&quot;,&quot;rowHeight&quot;:250,&quot;lastRow&quot;:&quot;justify&quot;,&quot;lightbox&quot;:&quot;fancybox&quot;}\">\n\n\t\n\t<div  class=\"modula-items grid-gallery\">\n\t\t<div class=\"modula-item effect-pufrobo\" >\n\t<div class=\"modula-item-overlay\"><\/div>\n\n\t<div class=\"modula-item-content\">\n\n\t\t\t\t\n\t\t\t\t\t<a data-image-id=\"218\" role=\"button\" tabindex=\"0\" rel=\"jtg-259\" data-caption=\"\" aria-label=\"Abrir la imagen en una caja de luz\" class=\"tile-inner modula-item-link\"><\/a>\n\t\t\n\t\t<img loading=\"lazy\" decoding=\"async\" class=\"pic wp-image-218\"  data-valign=\"middle\" data-halign=\"center\" alt=\"Vista exterior\" data-full=\"https:\/\/penamora.es\/tiamatea\/wp-content\/uploads\/2024\/07\/7-1.jpg\" title=\"7\" width=\"300\" height=\"200\" src=\"https:\/\/penamora.es\/tiamatea\/wp-content\/uploads\/2024\/07\/7-1-300x200.jpg\" data-src=\"https:\/\/penamora.es\/tiamatea\/wp-content\/uploads\/2024\/07\/7-1-300x200.jpg\" data-caption=\"\" srcset=\"https:\/\/penamora.es\/tiamatea\/wp-content\/uploads\/2024\/07\/7-1.jpg 500w, https:\/\/penamora.es\/tiamatea\/wp-content\/uploads\/2024\/07\/7-1-300x200.jpg 300w\" sizes=\"auto, (max-width: 300px) 100vw, 300px\" \/>\n\t\t<div class=\"figc no-description\">\n\t\t\t<div class=\"figc-inner\">\n\t\t\t\t\t\t\t\t\t\t\t\t\t\t\t<\/div>\n\t\t<\/div>\n\n\t<\/div>\n\n<\/div><div class=\"modula-item effect-pufrobo\" >\n\t<div class=\"modula-item-overlay\"><\/div>\n\n\t<div class=\"modula-item-content\">\n\n\t\t\t\t\n\t\t\t\t\t<a data-image-id=\"220\" role=\"button\" tabindex=\"0\" rel=\"jtg-259\" data-caption=\"\" aria-label=\"Abrir la imagen en una caja de luz\" class=\"tile-inner modula-item-link\"><\/a>\n\t\t\n\t\t<img loading=\"lazy\" decoding=\"async\" class=\"pic wp-image-220\"  data-valign=\"middle\" data-halign=\"center\" alt=\"Vista exterior\" data-full=\"https:\/\/penamora.es\/tiamatea\/wp-content\/uploads\/2024\/07\/9-1.jpg\" title=\"9\" width=\"200\" height=\"300\" src=\"https:\/\/penamora.es\/tiamatea\/wp-content\/uploads\/2024\/07\/9-1-200x300.jpg\" data-src=\"https:\/\/penamora.es\/tiamatea\/wp-content\/uploads\/2024\/07\/9-1-200x300.jpg\" data-caption=\"\" srcset=\"https:\/\/penamora.es\/tiamatea\/wp-content\/uploads\/2024\/07\/9-1.jpg 500w, https:\/\/penamora.es\/tiamatea\/wp-content\/uploads\/2024\/07\/9-1-200x300.jpg 200w\" sizes=\"auto, (max-width: 200px) 100vw, 200px\" \/>\n\t\t<div class=\"figc no-description\">\n\t\t\t<div class=\"figc-inner\">\n\t\t\t\t\t\t\t\t\t\t\t\t\t\t\t<\/div>\n\t\t<\/div>\n\n\t<\/div>\n\n<\/div><div class=\"modula-item effect-pufrobo\" >\n\t<div class=\"modula-item-overlay\"><\/div>\n\n\t<div class=\"modula-item-content\">\n\n\t\t\t\t\n\t\t\t\t\t<a data-image-id=\"217\" role=\"button\" tabindex=\"0\" rel=\"jtg-259\" data-caption=\"\" aria-label=\"Abrir la imagen en una caja de luz\" class=\"tile-inner modula-item-link\"><\/a>\n\t\t\n\t\t<img loading=\"lazy\" decoding=\"async\" class=\"pic wp-image-217\"  data-valign=\"middle\" data-halign=\"center\" alt=\"Vista exterior\" data-full=\"https:\/\/penamora.es\/tiamatea\/wp-content\/uploads\/2024\/07\/6-1.jpg\" title=\"6\" width=\"200\" height=\"300\" src=\"https:\/\/penamora.es\/tiamatea\/wp-content\/uploads\/2024\/07\/6-1-200x300.jpg\" data-src=\"https:\/\/penamora.es\/tiamatea\/wp-content\/uploads\/2024\/07\/6-1-200x300.jpg\" data-caption=\"\" srcset=\"https:\/\/penamora.es\/tiamatea\/wp-content\/uploads\/2024\/07\/6-1.jpg 500w, https:\/\/penamora.es\/tiamatea\/wp-content\/uploads\/2024\/07\/6-1-200x300.jpg 200w\" sizes=\"auto, (max-width: 200px) 100vw, 200px\" \/>\n\t\t<div class=\"figc no-description\">\n\t\t\t<div class=\"figc-inner\">\n\t\t\t\t\t\t\t\t\t\t\t\t\t\t\t<\/div>\n\t\t<\/div>\n\n\t<\/div>\n\n<\/div><div class=\"modula-item effect-pufrobo\" >\n\t<div class=\"modula-item-overlay\"><\/div>\n\n\t<div class=\"modula-item-content\">\n\n\t\t\t\t\n\t\t\t\t\t<a data-image-id=\"225\" role=\"button\" tabindex=\"0\" rel=\"jtg-259\" data-caption=\"\" aria-label=\"Abrir la imagen en una caja de luz\" class=\"tile-inner modula-item-link\"><\/a>\n\t\t\n\t\t<img loading=\"lazy\" decoding=\"async\" class=\"pic wp-image-225\"  data-valign=\"middle\" data-halign=\"center\" alt=\"Vista exterior\" data-full=\"https:\/\/penamora.es\/tiamatea\/wp-content\/uploads\/2024\/07\/14-1.jpg\" title=\"14\" width=\"300\" height=\"200\" src=\"https:\/\/penamora.es\/tiamatea\/wp-content\/uploads\/2024\/07\/14-1-300x200.jpg\" data-src=\"https:\/\/penamora.es\/tiamatea\/wp-content\/uploads\/2024\/07\/14-1-300x200.jpg\" data-caption=\"\" srcset=\"https:\/\/penamora.es\/tiamatea\/wp-content\/uploads\/2024\/07\/14-1.jpg 500w, https:\/\/penamora.es\/tiamatea\/wp-content\/uploads\/2024\/07\/14-1-300x200.jpg 300w\" sizes=\"auto, (max-width: 300px) 100vw, 300px\" \/>\n\t\t<div class=\"figc no-description\">\n\t\t\t<div class=\"figc-inner\">\n\t\t\t\t\t\t\t\t\t\t\t\t\t\t\t<\/div>\n\t\t<\/div>\n\n\t<\/div>\n\n<\/div><div class=\"modula-item effect-pufrobo\" >\n\t<div class=\"modula-item-overlay\"><\/div>\n\n\t<div class=\"modula-item-content\">\n\n\t\t\t\t\n\t\t\t\t\t<a data-image-id=\"213\" role=\"button\" tabindex=\"0\" rel=\"jtg-259\" data-caption=\"\" aria-label=\"Abrir la imagen en una caja de luz\" class=\"tile-inner modula-item-link\"><\/a>\n\t\t\n\t\t<img loading=\"lazy\" decoding=\"async\" class=\"pic wp-image-213\"  data-valign=\"middle\" data-halign=\"center\" alt=\"Vista exterior\" data-full=\"https:\/\/penamora.es\/tiamatea\/wp-content\/uploads\/2024\/07\/2-1.jpg\" title=\"2\" width=\"200\" height=\"300\" src=\"https:\/\/penamora.es\/tiamatea\/wp-content\/uploads\/2024\/07\/2-1-200x300.jpg\" data-src=\"https:\/\/penamora.es\/tiamatea\/wp-content\/uploads\/2024\/07\/2-1-200x300.jpg\" data-caption=\"\" srcset=\"https:\/\/penamora.es\/tiamatea\/wp-content\/uploads\/2024\/07\/2-1.jpg 500w, https:\/\/penamora.es\/tiamatea\/wp-content\/uploads\/2024\/07\/2-1-200x300.jpg 200w\" sizes=\"auto, (max-width: 200px) 100vw, 200px\" \/>\n\t\t<div class=\"figc no-description\">\n\t\t\t<div class=\"figc-inner\">\n\t\t\t\t\t\t\t\t\t\t\t\t\t\t\t<\/div>\n\t\t<\/div>\n\n\t<\/div>\n\n<\/div><div class=\"modula-item effect-pufrobo\" >\n\t<div class=\"modula-item-overlay\"><\/div>\n\n\t<div class=\"modula-item-content\">\n\n\t\t\t\t\n\t\t\t\t\t<a data-image-id=\"216\" role=\"button\" tabindex=\"0\" rel=\"jtg-259\" data-caption=\"\" aria-label=\"Abrir la imagen en una caja de luz\" class=\"tile-inner modula-item-link\"><\/a>\n\t\t\n\t\t<img loading=\"lazy\" decoding=\"async\" class=\"pic wp-image-216\"  data-valign=\"middle\" data-halign=\"center\" alt=\"Vista exterior\" data-full=\"https:\/\/penamora.es\/tiamatea\/wp-content\/uploads\/2024\/07\/5-1.jpg\" title=\"5\" width=\"300\" height=\"200\" src=\"https:\/\/penamora.es\/tiamatea\/wp-content\/uploads\/2024\/07\/5-1-300x200.jpg\" data-src=\"https:\/\/penamora.es\/tiamatea\/wp-content\/uploads\/2024\/07\/5-1-300x200.jpg\" data-caption=\"\" srcset=\"https:\/\/penamora.es\/tiamatea\/wp-content\/uploads\/2024\/07\/5-1.jpg 500w, https:\/\/penamora.es\/tiamatea\/wp-content\/uploads\/2024\/07\/5-1-300x200.jpg 300w\" sizes=\"auto, (max-width: 300px) 100vw, 300px\" \/>\n\t\t<div class=\"figc no-description\">\n\t\t\t<div class=\"figc-inner\">\n\t\t\t\t\t\t\t\t\t\t\t\t\t\t\t<\/div>\n\t\t<\/div>\n\n\t<\/div>\n\n<\/div><div class=\"modula-item effect-pufrobo\" >\n\t<div class=\"modula-item-overlay\"><\/div>\n\n\t<div class=\"modula-item-content\">\n\n\t\t\t\t\n\t\t\t\t\t<a data-image-id=\"232\" role=\"button\" tabindex=\"0\" rel=\"jtg-259\" data-caption=\"\" aria-label=\"Abrir la imagen en una caja de luz\" class=\"tile-inner modula-item-link\"><\/a>\n\t\t\n\t\t<img loading=\"lazy\" decoding=\"async\" class=\"pic wp-image-232\"  data-valign=\"middle\" data-halign=\"center\" alt=\"Vista exterior\" data-full=\"https:\/\/penamora.es\/tiamatea\/wp-content\/uploads\/2024\/07\/7-edited.jpg\" title=\"7\" width=\"225\" height=\"300\" src=\"https:\/\/penamora.es\/tiamatea\/wp-content\/uploads\/2024\/07\/7-edited-225x300.jpg\" data-src=\"https:\/\/penamora.es\/tiamatea\/wp-content\/uploads\/2024\/07\/7-edited-225x300.jpg\" data-caption=\"\" srcset=\"https:\/\/penamora.es\/tiamatea\/wp-content\/uploads\/2024\/07\/7-edited.jpg 250w, https:\/\/penamora.es\/tiamatea\/wp-content\/uploads\/2024\/07\/7-edited-225x300.jpg 225w\" sizes=\"auto, (max-width: 225px) 100vw, 225px\" \/>\n\t\t<div class=\"figc no-description\">\n\t\t\t<div class=\"figc-inner\">\n\t\t\t\t\t\t\t\t\t\t\t\t\t\t\t<\/div>\n\t\t<\/div>\n\n\t<\/div>\n\n<\/div>\t\t\n\t<\/div>\n\n\t\n\t\n\t<script type=\"application\/ld+json\">\n\t{\n\t\t\"@context\": \"http:\/\/schema.org\",\n\t\t\"@type\"   : \"ImageGallery\",\n\t\t\"id\"      : \"https:\/\/penamora.es\/tiamatea\/index.php\/la-casa\/\",\n\t\t\"url\"     : \"https:\/\/penamora.es\/tiamatea\/index.php\/la-casa\/\"\n\t}\n\n\t<\/script>\n\n\t\n<\/div>\n\n<\/div>\n\n\n\n<div class=\"wp-block-column is-layout-flow wp-block-column-is-layout-flow\" style=\"padding-top:var(--wp--preset--spacing--50);padding-bottom:var(--wp--preset--spacing--50);flex-basis:70%\">\n<p>La casita de la T\u00eda Matea es una casa r\u00fastica de piedra y madera, con todas las comodidades.<\/p>\n\n\n\n<p><strong>La casa tiene dos plantas<\/strong>, <strong>un patio con barbacoa, garaje, y una estupenda terraza <\/strong>desde la que pod\u00e9is contemplar un cielo estrellado impresionante.\u00a0Es ideal para escapadas al campo en las que busqu\u00e9is un ambiente tranquilo y acogedor. Tambi\u00e9n para peque\u00f1os grupos familiares da un servicio excelente para estancias m\u00e1s largas durante las vacaciones, en un pueblo en el que los ni\u00f1os pueden jugar libremente como hac\u00edamos antes\u2026.<\/p>\n\n\n\n<p><strong>En la planta superior hay dos grandes habitaciones<\/strong>, la principal, muy amplia, con una cama de 1.50, un peque\u00f1o vestidor. La otra habitaci\u00f3n tiene dos camas, una de 1.35 y otra de 90. Esta habitaci\u00f3n, es abuhardillada, y muy luminosa.<\/p>\n\n\n\n<p><strong>Adicionalmente, hay un ba\u00f1o completo (con ba\u00f1era) en esta planta.<\/strong><\/p>\n\n\n\n<p>El suelo de todas las habitaciones es de tarima maciza, las paredes de piedra&#8230;. Todo ello se conjuga en un ambiente muy acogedor.<\/p>\n\n\n\n<p><strong>En la planta baja hay un amplio sal\u00f3n<\/strong>, con chimenea, dos sillones y una mesa de comedor. El sal\u00f3n cuanta con tv, y es muy luminoso. A trav\u00e9s de unas amplias puertas de madera da al patio de la casa, que cuenta con barbacoa. Anexo al sal\u00f3n hay otro ba\u00f1o con ducha y la cocina.<\/p>\n\n\n\n<p><strong>La cocina<\/strong> cuenta con vitro, nevera, microondas, lavadora, y lavavajillas. As\u00ed mismo, si os gusta la cocina tradicional, tambi\u00e9n tiene una cocina \u00abBilbao\u00bb, de le\u00f1a donde pod\u00e9is, si quer\u00e9is, cocinar \u00a0a la antigua usanza, lentamente, al amor de la lumbre.<\/p>\n\n\n\n<p>Por supuesto, la casa cuenta con una potente calefacci\u00f3n, y toda la le\u00f1a que necesit\u00e9is para la chimenea y la barbacoa.<\/p>\n\n\n\n<p>Si fuera necesario, la casa <strong>dispone de un anexo con una habitaci\u00f3n de invitados con su propio ba\u00f1o<\/strong>, independiente del edificio principal. Esta habitaci\u00f3n de invitados, es muy amplia, situada sobre el garaje, a la que se accede a trav\u00e9s de una enorme terraza. Esta habitaci\u00f3n cuenta con una cama de 1.50 y un ba\u00f1o en la misma habitaci\u00f3n. El techo es de gruesas vigas de madera de pino macizo, y a trav\u00e9s de la terraza hay unas vistas preciosas de la iglesias por un lado y por el otro de una antigua ermita rom\u00e1nica situada en lo alto de una colina que domina el pueblo. En las noches sin luna, el cielo estrellado es impresionante.<\/p>\n\n\n\n<p>Si no&nbsp;quer\u00e9is molestaros con las comidas, os recomendamos&nbsp;el cochinillo de Marciano, que cr\u00eda el mismo y asa en su horno de barro con le\u00f1a. Est\u00e1 delicioso. Por supuesto, que siempre pod\u00e9is usar la barbacoa de la casa. Nosotros os damos toda la le\u00f1a que necesit\u00e9is. Tambi\u00e9n hay un bar&nbsp;con muy buenos pinchos, en el centro cultural San Isidro, y que sirve comidas a domicilio, con una excelente relaci\u00f3n calidad precio.<\/p>\n\n\n\n<p>\u00a1\u00a1\u00a1\u00a1Os esperamos!!!!<\/p>\n<\/div>\n<\/div>\n\n\n\n<h2 class=\"wp-block-heading has-text-align-center has-custom-color-2-color has-text-color has-link-color wp-elements-7572d20f0f84466b3afbf252f86550ee\"><strong>Caracter\u00edsticas y servicios<\/strong><\/h2>\n\n\n\n<p><\/p>\n\n\n\n<div class=\"wp-block-columns is-layout-flex wp-container-core-columns-is-layout-28f84493 wp-block-columns-is-layout-flex\">\n<div class=\"wp-block-column is-layout-flow wp-block-column-is-layout-flow\">\n<h3 class=\"wp-block-heading has-text-align-center has-white-color has-custom-color-2-background-color has-text-color has-background has-link-color wp-elements-6e1751a2c3d5b7666a1f49819e020f86\"><strong>Exterior<\/strong><\/h3>\n\n\n\n<ul class=\"wp-block-list\">\n<li>Barbacoa<\/li>\n\n\n\n<li>Jard\u00edn<\/li>\n\n\n\n<li>Terraza<\/li>\n\n\n\n<li>Huerto ecol\u00f3gico<\/li>\n\n\n\n<li>Piscina<\/li>\n\n\n\n<li>Granja<\/li>\n<\/ul>\n\n\n\n<h3 class=\"wp-block-heading\"><strong>Accesibilidad<\/strong><\/h3>\n\n\n\n<ul class=\"wp-block-list\">\n<li>Habitaci\u00f3n adaptada<\/li>\n<\/ul>\n<\/div>\n\n\n\n<div class=\"wp-block-column is-layout-flow wp-block-column-is-layout-flow\">\n<h3 class=\"wp-block-heading has-text-align-center has-white-color has-custom-color-2-background-color has-text-color has-background has-link-color wp-elements-0f0265444e8ac857879c8b3f9f73eb83\"><strong>Interior<\/strong><\/h3>\n\n\n\n<ul class=\"wp-block-list\">\n<li>Ba\u00f1o en habitaci\u00f3n<\/li>\n\n\n\n<li>Calefacci\u00f3n<\/li>\n\n\n\n<li>Chimenea<\/li>\n\n\n\n<li>Cocina<\/li>\n\n\n\n<li>Colecci\u00f3n de juegos<\/li>\n\n\n\n<li>Comedor<\/li>\n\n\n\n<li>Equipo de m\u00fasica<\/li>\n\n\n\n<li>Lavadora<\/li>\n\n\n\n<li>Lavavajillas<\/li>\n\n\n\n<li>Microondas<\/li>\n\n\n\n<li>Sala de estar<\/li>\n\n\n\n<li>Televisi\u00f3n<\/li>\n\n\n\n<li>Aire acondicionado<\/li>\n\n\n\n<li>Biblioteca<\/li>\n\n\n\n<li>Ba\u00f1era de hidromasaje<\/li>\n\n\n\n<li>Futbol\u00edn<\/li>\n<\/ul>\n<\/div>\n\n\n\n<div class=\"wp-block-column is-layout-flow wp-block-column-is-layout-flow\">\n<h3 class=\"wp-block-heading has-text-align-center has-white-color has-custom-color-2-background-color has-text-color has-background has-link-color wp-elements-63704b90f63f91c66d0a14612cd31c6e\"><strong>Servicios<\/strong><\/h3>\n\n\n\n<ul class=\"wp-block-list\">\n<li>Admite mascotas<\/li>\n\n\n\n<li>Bicicleta disponible<\/li>\n\n\n\n<li>Cuna disponible<\/li>\n\n\n\n<li>Acceso internet<\/li>\n\n\n\n<li>Servicio de canguro<\/li>\n<\/ul>\n\n\n\n<h3 class=\"wp-block-heading\"><strong>Situaci\u00f3n<\/strong><\/h3>\n\n\n\n<ul class=\"wp-block-list\">\n<li>Acceso asfaltado<\/li>\n\n\n\n<li>En el casco urbano<\/li>\n<\/ul>\n<\/div>\n<\/div>\n","protected":false},"excerpt":{"rendered":"<p>La casita de la T\u00eda Matea es una casa r\u00fastica de piedra y madera, con todas las comodidades. La casa tiene dos plantas, un patio con barbacoa, garaje, y una estupenda terraza desde la que pod\u00e9is contemplar un cielo estrellado impresionante.\u00a0Es ideal para escapadas al campo en las que busqu\u00e9is un ambiente tranquilo y acogedor. [&hellip;]<\/p>\n","protected":false},"author":1,"featured_media":0,"parent":0,"menu_order":0,"comment_status":"closed","ping_status":"closed","template":"","meta":{"footnotes":""},"class_list":["post-13","page","type-page","status-publish","hentry"],"yoast_head":"<!-- This site is optimized with the Yoast SEO plugin v26.7 - https:\/\/yoast.com\/wordpress\/plugins\/seo\/ -->\n<title>LA CASA - La casa de la t\u00eda matea<\/title>\n<meta name=\"robots\" content=\"index, follow, max-snippet:-1, max-image-preview:large, max-video-preview:-1\" \/>\n<link rel=\"canonical\" href=\"https:\/\/penamora.es\/tiamatea\/index.php\/la-casa\/\" \/>\n<meta property=\"og:locale\" content=\"es_ES\" \/>\n<meta property=\"og:type\" content=\"article\" \/>\n<meta property=\"og:title\" content=\"LA CASA - La casa de la t\u00eda matea\" \/>\n<meta property=\"og:description\" content=\"La casita de la T\u00eda Matea es una casa r\u00fastica de piedra y madera, con todas las comodidades. La casa tiene dos plantas, un patio con barbacoa, garaje, y una estupenda terraza desde la que pod\u00e9is contemplar un cielo estrellado impresionante.\u00a0Es ideal para escapadas al campo en las que busqu\u00e9is un ambiente tranquilo y acogedor. [&hellip;]\" \/>\n<meta property=\"og:url\" content=\"https:\/\/penamora.es\/tiamatea\/index.php\/la-casa\/\" \/>\n<meta property=\"og:site_name\" content=\"La casa de la t\u00eda matea\" \/>\n<meta property=\"article:modified_time\" content=\"2024-07-10T10:13:25+00:00\" \/>\n<meta name=\"twitter:card\" content=\"summary_large_image\" \/>\n<meta name=\"twitter:label1\" content=\"Tiempo de lectura\" \/>\n\t<meta name=\"twitter:data1\" content=\"3 minutos\" \/>\n<script type=\"application\/ld+json\" class=\"yoast-schema-graph\">{\"@context\":\"https:\/\/schema.org\",\"@graph\":[{\"@type\":\"WebPage\",\"@id\":\"https:\/\/penamora.es\/tiamatea\/index.php\/la-casa\/\",\"url\":\"https:\/\/penamora.es\/tiamatea\/index.php\/la-casa\/\",\"name\":\"LA CASA - La casa de la t\u00eda matea\",\"isPartOf\":{\"@id\":\"https:\/\/penamora.es\/tiamatea\/#website\"},\"datePublished\":\"2024-07-04T12:20:47+00:00\",\"dateModified\":\"2024-07-10T10:13:25+00:00\",\"breadcrumb\":{\"@id\":\"https:\/\/penamora.es\/tiamatea\/index.php\/la-casa\/#breadcrumb\"},\"inLanguage\":\"es\",\"potentialAction\":[{\"@type\":\"ReadAction\",\"target\":[\"https:\/\/penamora.es\/tiamatea\/index.php\/la-casa\/\"]}]},{\"@type\":\"BreadcrumbList\",\"@id\":\"https:\/\/penamora.es\/tiamatea\/index.php\/la-casa\/#breadcrumb\",\"itemListElement\":[{\"@type\":\"ListItem\",\"position\":1,\"name\":\"Portada\",\"item\":\"https:\/\/penamora.es\/tiamatea\/\"},{\"@type\":\"ListItem\",\"position\":2,\"name\":\"LA CASA\"}]},{\"@type\":\"WebSite\",\"@id\":\"https:\/\/penamora.es\/tiamatea\/#website\",\"url\":\"https:\/\/penamora.es\/tiamatea\/\",\"name\":\"La casa de la t\u00eda matea\",\"description\":\"\",\"potentialAction\":[{\"@type\":\"SearchAction\",\"target\":{\"@type\":\"EntryPoint\",\"urlTemplate\":\"https:\/\/penamora.es\/tiamatea\/?s={search_term_string}\"},\"query-input\":{\"@type\":\"PropertyValueSpecification\",\"valueRequired\":true,\"valueName\":\"search_term_string\"}}],\"inLanguage\":\"es\"}]}<\/script>\n<!-- \/ Yoast SEO plugin. -->","yoast_head_json":{"title":"LA CASA - La casa de la t\u00eda matea","robots":{"index":"index","follow":"follow","max-snippet":"max-snippet:-1","max-image-preview":"max-image-preview:large","max-video-preview":"max-video-preview:-1"},"canonical":"https:\/\/penamora.es\/tiamatea\/index.php\/la-casa\/","og_locale":"es_ES","og_type":"article","og_title":"LA CASA - La casa de la t\u00eda matea","og_description":"La casita de la T\u00eda Matea es una casa r\u00fastica de piedra y madera, con todas las comodidades. La casa tiene dos plantas, un patio con barbacoa, garaje, y una estupenda terraza desde la que pod\u00e9is contemplar un cielo estrellado impresionante.\u00a0Es ideal para escapadas al campo en las que busqu\u00e9is un ambiente tranquilo y acogedor. [&hellip;]","og_url":"https:\/\/penamora.es\/tiamatea\/index.php\/la-casa\/","og_site_name":"La casa de la t\u00eda matea","article_modified_time":"2024-07-10T10:13:25+00:00","twitter_card":"summary_large_image","twitter_misc":{"Tiempo de lectura":"3 minutos"},"schema":{"@context":"https:\/\/schema.org","@graph":[{"@type":"WebPage","@id":"https:\/\/penamora.es\/tiamatea\/index.php\/la-casa\/","url":"https:\/\/penamora.es\/tiamatea\/index.php\/la-casa\/","name":"LA CASA - La casa de la t\u00eda matea","isPartOf":{"@id":"https:\/\/penamora.es\/tiamatea\/#website"},"datePublished":"2024-07-04T12:20:47+00:00","dateModified":"2024-07-10T10:13:25+00:00","breadcrumb":{"@id":"https:\/\/penamora.es\/tiamatea\/index.php\/la-casa\/#breadcrumb"},"inLanguage":"es","potentialAction":[{"@type":"ReadAction","target":["https:\/\/penamora.es\/tiamatea\/index.php\/la-casa\/"]}]},{"@type":"BreadcrumbList","@id":"https:\/\/penamora.es\/tiamatea\/index.php\/la-casa\/#breadcrumb","itemListElement":[{"@type":"ListItem","position":1,"name":"Portada","item":"https:\/\/penamora.es\/tiamatea\/"},{"@type":"ListItem","position":2,"name":"LA CASA"}]},{"@type":"WebSite","@id":"https:\/\/penamora.es\/tiamatea\/#website","url":"https:\/\/penamora.es\/tiamatea\/","name":"La casa de la t\u00eda matea","description":"","potentialAction":[{"@type":"SearchAction","target":{"@type":"EntryPoint","urlTemplate":"https:\/\/penamora.es\/tiamatea\/?s={search_term_string}"},"query-input":{"@type":"PropertyValueSpecification","valueRequired":true,"valueName":"search_term_string"}}],"inLanguage":"es"}]}},"_links":{"self":[{"href":"https:\/\/penamora.es\/tiamatea\/index.php\/wp-json\/wp\/v2\/pages\/13","targetHints":{"allow":["GET"]}}],"collection":[{"href":"https:\/\/penamora.es\/tiamatea\/index.php\/wp-json\/wp\/v2\/pages"}],"about":[{"href":"https:\/\/penamora.es\/tiamatea\/index.php\/wp-json\/wp\/v2\/types\/page"}],"author":[{"embeddable":true,"href":"https:\/\/penamora.es\/tiamatea\/index.php\/wp-json\/wp\/v2\/users\/1"}],"replies":[{"embeddable":true,"href":"https:\/\/penamora.es\/tiamatea\/index.php\/wp-json\/wp\/v2\/comments?post=13"}],"version-history":[{"count":26,"href":"https:\/\/penamora.es\/tiamatea\/index.php\/wp-json\/wp\/v2\/pages\/13\/revisions"}],"predecessor-version":[{"id":492,"href":"https:\/\/penamora.es\/tiamatea\/index.php\/wp-json\/wp\/v2\/pages\/13\/revisions\/492"}],"wp:attachment":[{"href":"https:\/\/penamora.es\/tiamatea\/index.php\/wp-json\/wp\/v2\/media?parent=13"}],"curies":[{"name":"wp","href":"https:\/\/api.w.org\/{rel}","templated":true}]}}